ive p(8).
25
Let g(n) = -9*n**3 + 26*n**2 + 63*n + 15. Give g(-2).
65
Let g(x) = -x**3 + 16*x**2 - 29*x - 9. Determine g(15).
-219
Let f(u) = 6*u + 727. What is f(-59)?
373
Let o(w) = -187*w - 16460. What is o(-88)?
-4
Let r(y) = 655*y + 61561. Calculate r(-94).
-9
Let h(j) = -2*j - 75. Determine h(-35).
-5
Let b(l) = -2*l**3 - 184*l**2 - 191*l - 829. What is b(-91)?
-10
Let d(v) = 59*v**2 + 7*v + 3. Give d(1).
69
Let x(b) = -b**3 - 19*b**2 + 7*b - 255. Give x(-20).
5
Let k(f) = -f**2 - f + 135. Calculate k(11).
3
Let z(b) = -312*b + 7803. What is z(25)?
3
Let a(j) = 5*j + 624. Give a(-37).
439
Let u(n) = n**3 - 77*n**2 - 161*n + 245. Determine u(79).
8
Let o(l) = -377*l - 748. Determine o(-2).
6
Let i(j) = 16*j**3 + 145*j**2 + 32*j + 214. Calculate i(-9).
7
Let z(k) = -k**2 + 684*k - 13278. Determine z(20).
2
Let h(r) = 101*r**2 + 13*r + 14. Calculate h(-1).
102
Let l(h) = 38*h - 1028. Determine l(27).
-2
Let k(p) = 15*p - 10. What is k(5)?
65
Let m(v) = -206*v**2 - 5*v + 4. Calculate m(1).
-207
Let r(b) = 4*b**2 + 8*b + 104. Calculate r(0).
104
Let y(z) = -60*z - 538. Give y(-9).
2
Let w(h) = h**2 + 214*h + 9142. What is w(-59)?
-3
Let l(o) = 7320*o + 182995. What is l(-25)?
-5
Let m(n) = -n**3 + 28*n**2 - 258*n + 4576. Calculate m(25).
1
Let s(r) = 21*r**3 - 15*r**2 - 36*r - 5. Give s(-2).
-161
Let n(b) = 21*b**3 + b**2 + 4*b - 5. Give n(1).
21
Let w(c) = c**3 + 19*c**2 + 2*c + 439. Calculate w(-20).
-1
Let z(o) = 7*o + 84. Calculate z(-14).
-14
Let u(q) = -18*q**3 - 1098*q**2 - q - 54. Calculate u(-61).
7
Let a(j) = 411*j + 5823. What is a(-14)?
69
Let p(h) = 17*h**2 + 2*h + 21. Give p(-4).
285
Let s(v) = -2*v - 135. What is s(-21)?
-93
Let y(o) = 2*o**3 + 6*o**2 - 78*o - 604. Determine y(-9).
-874
Let k(p) = -88*p - 4. Calculate k(-3).
260
Let q(b) = -199*b - 1426. What is q(-7)?
-33
Let g(i) = -i**3 - 13*i**2 + 47*i + 580. What is g(-13)?
-31
Let f(w) = -11*w**2 + 935*w - 5. What is f(85)?
-5
Let g(n) = n**3 + 15*n**2 - 46*n - 5. Determine g(3).
19
Let x(g) = 43*g + 646. Give x(-15).
1
Let g(o) = -2*o**3 - 9*o**2 - 69*o - 369. Determine g(-5).
1
Let p(s) = -s + 29. Give p(23).
6
Let q(j) = -1163*j + 10457. Give q(9).
-10
Let f(m) = -52*m - 3959. Determine f(-76).
-7
Let d(s) = 12*s**2 - 14*s - 14. Calculate d(11).
1284
Let h(k) = -62*k - 4. What is h(2)?
-128
Let a(j) = 2*j**2 - 33*j + 95. What is a(23)?
394
Let n(d) = -64*d + 708. What is n(11)?
4
Let g(v) = -10*v - 36. Calculate g(0).
-36
Let l(n) = -709*n - 20551. Calculate l(-29).
10
Let z(s) = -s + 35. Calculate z(-6).
41
Let x(v) = 11*v**3 + 39*v**2 - 10*v - 1. What is x(-3)?
83
Let y(w) = 2537*w + 10154. Give y(-4).
6
Let q(p) = p**2 - 5657*p + 118349. Give q(21).
-7
Let x(a) = 232*a + 36188. Calculate x(-156).
-4
Let w(d) = -343*d - 8584. Determine w(-25).
-9
Let h(d) = d**3 + 39*d**2 + 139*d - 31. Give h(-35).
4
Let r(a) = -200*a + 6305. Give r(31).
105
Let n(t) = t**2 - 314*t - 3863. Give n(-12).
49
Let f(b) = -2*b**2 - 149*b - 287. Determine f(-2).
3
Let c(m) = m**2 - 108*m + 1184. What is c(13)?
-51
Let n(b) = 1762*b + 12354. Give n(-7).
20
Let c(p) = -p**3 - 15*p**2 - 112*p - 1380. Give c(-14).
-8
Let q(c) = -109*c + 1213. Calculate q(11).
14
Let y(v) = 3*v**3 - 2*v**2 + 59*v - 216. What is y(3)?
24
Let v(y) = -y**2 - 102*y + 292. Determine v(-105).
-23
Let y(c) = c**2 + 41*c + 231. Give y(-28).
-133
Let w(t) = -3*t**2 - 481*t + 1982. Determine w(4).
10
Let q(v) = v**3 - 38*v**2 + 7*v + 35. Calculate q(38).
301
Let c(z) = -306*z + 26306. Determine c(86).
-10
Let p(n) = -571*n**2 - 11*n - 10. Give p(-1).
-570
Let d(x) = 4*x - 121. Calculate d(29).
-5
Let z(g) = -9751*g - 29249. Calculate z(-3).
4
Let i(h) = -h**2 + 46*h - 190. Determine i(41).
15
Let l(i) = 59*i - 1632. What is l(27)?
-39
Let b(l) = l**2 + 62*l - 4671. What is b(44)?
-7
Let m(j) = -39*j**3 + 154*j**2 - 16*j + 5. Determine m(4).
-91
Let l(x) = 383*x**2 + 9192*x + 6. What is l(-24)?
6
Let j(z) = 4*z**3 - 43*z**2 - 69*z - 17. Determine j(12).
-125
Let h(t) = -119*t - 1038. Calculate h(-9).
33
Let b(i) = 22*i + 33. Give b(-1).
11
Let c(o) = o**3 - 16*o**2 + 30*o + 2. Calculate c(14).
30
Let p(u) = u**2 - u + 199. Determine p(0).
199
Let o(x) = 4838*x + 14581. Give o(-3).
67
Let x(u) = -u**2 - 29*u - 178. Determine x(-23).
-40
Let v(p) = -179*p**3 + 3*p**2 - 8*p + 4. Determine v(1).
-180
Let v(h) = 36*h - 323. What is v(16)?
253
Let x(m) = m**2 + 35*m + 16. Determine x(-39).
172
Let v(x) = -x**3 - 52*x**2 - 51*x. Determine v(-51).
0
Let p(c) = -482*c + 1023. What is p(2)?
59
Let m(t) = 315*t + 53237. Give m(-169).
2
Let g(b) = b**2 - 62*b + 58. What is g(0)?
58
Let d(h) = 650*h - 1297. Give d(2).
3
Let k(q) = q**3 - 51*q**2 + 597*q - 50. Determine k(20).
-510
Let t(h) = -26*h + 8. What is t(2)?
-44
Let l(h) = 118*h - 1279. Determine l(11).
19
Let v(p) = 10*p**3 - 137*p**2 - 27*p - 217. What is v(14)?
-7
Let f(v) = -3*v**3 + 65*v**2 - 40*v - 28. Give f(21).
14
Let i(o) = -o**3 - 10*o**2 - 5*o + 38. Determine i(-7).
-74
Let v(z) = -1049*z - 7104. What is v(-7)?
239
Let x(n) = -n**3 + 10*n**2 + 30*n - 20. What is x(7)?
337
Let r(g) = g**3 + 54*g**2 - 90*g + 4. Give r(0).
4
Let x(w) = -406*w + 2190. Determine x(6).
-246
Let f(s) = -5*s - 39. Give f(-11).
16
Let z(f) = 67*f + 207. Calculate z(-3).
6
Let x(d) = d**3 + 8*d**2 + 5*d + 41. Give x(-8).
1
Let k(i) = -7*i**2 - 170*i - 27. Calculate k(-25).
-152
Let m(f) = -8*f**2 + 1149*f - 2306. Calculate m(2).
-40
Let r(c) = c**2 + 5*c - 24. Give r(10).
126
Let y(c) = c**3 + 32*c**2 + 89*c + 16. Determine y(-3).
10
Let i(l) = 57*l - 405. What is i(7)?
-6
Let r(o) = 83*o + 766. Give r(-9).
19
Let i(u) = -6*u**3 + 9*u**2 + 9*u + 6. Give i(-3).
222
Let r(t) = 14*t**2 - 59*t - 95. Determine r(-2).
79
Let d(o) = -14*o**2 + 23*o - 82. Determine d(3).
-139
Let y(w) = 6*w**2 + 82*w + 249. Give y(-3).
57
Let d(r) = -5*r**3 - 13*r**2 + 7*r + 16. Give d(-4).
100
Let r(d) = -49*d**2 + 316*d - 20. What is r(6)?
112
Let v(i) = 5*i**2 - 62*i - 41. Give v(16).
247
Let w(a) = -64*a - 253. Determine w(-5).
67
Let w(c) = 4*c**2 - 106*c - 103. Determine w(-1).
7
Let c(y) = 19*y**2 - 49*y - 8. Give c(4).
100
Let m(z) = 228*z + 9347. Give m(-41).
-1
Let f(j) = j**2 - 57*j - 415. What is f(64)?
33
Let o(a) = 36*a + 21. Calculate o(-10).
-339
Let b(t) = 3*t**2 + 10*t - 1031. Give b(17).
6
Let r(z) = -40*z - 539. Determine r(-11).
-99
Let g(z) = z**3 - 36*z**2 + 29*z + 190. Calculate g(35).
-20
Let r(m) = m**3 - 7*m**2 + 27*m - 130. What is r(6)?
-4
Let j(q) = 11*q + 20. Determine j(14).
174
Let t(u) = 2*u**2 - 7*u - 125. Determine t(9).
-26
Let r(n) = -13*n**2 + 201*n - 90. What is r(15)?
0
Let r(w) = 20*w + 105. Calculate r(-10).
-95
Let a(y) = -2*y**2 + 6765*y - 33774. What is a(5)?
1
Let r(b) = -158*b - 132. Calculate r(-1).
26
Let p(z) = z + 25. Determine p(-16).
9
Let y(p) = 21*p**2 + 5*p + 3. What is y(2)?
97
Let m(u) = -36*u - 155. What is m(-18)?
493
Let r(o) = -o**2 + 200*o - 6876. Calculate r(44).
-12
Let c(d) = 88*d - 75. What is c(2)?
101
Let v(t) = -18*t**2 + 80*t + 163. Calculate v(-2).
-69
Let w(k) = k**3 + 21*k**2 - 96*k - 8. Calculate w(-25).
-108
Let v(b) = 3*b - 32. Give v(33).
67
Let h(o) = -29*o**3 + 56*o**2 + 58*o + 4. Determine h(-1).
31
Let d(t) = t**3 + 26*t**2 - 91*t - 117. Determine d(-29).
-1
Let a(j) = 9*j**2 + 59*j + 91. Calculate a(-4).
-1
Let w(t) = -53*t - 907. Determine w(-17).
-6
Let n(k) = -70*k**2 + 778*k - 63. Calculate n(11).
25
Let v(b) = 3*b**2 + 12*b. Calculate v(0).
0
Let p(z) = -79*z - 735. Calculate p(-10).
55
Let h(g) = 3*g**3 - 58*g**2 + 186*g + 140. Determine h(15).
5
Let q(p) = -7*p**2 + 215*p - 619. Give q(28).
-87
Let d(r) = 550*r - 134. Give d(1).
416
Let l(h) = 11*h**3 + 50*h**2 - 2*h - 3. Give l(-6).
-567
Let c(l) = -30*l + 2. What is c(0)?
2
Let g(m) = m**2 - 833*m + 27. What is g(0)?
27
Let z(i) = 5230*i - 209195. Give z(40).
5
Let q(f) = 2*f**3 + 52*f**2 + 53*f + 53. Determine q(-25).
-22
Let d(f) = 2*f**3 + 63*f**2 + 193*f + 34. Determine d(-28).
118
Let m(c) = -54*c + 29. What is m(4)?
-187
Let v(c) = -c**3 - 447*c**2 + 1352*c - 11. What is v(3)?
-5
Let r(v) = 2*v + 449. Give r(1).
451
Let t(u) = 10*u - 202. Give t(43).
228
Let p(h) = -39*h + 356. What is p(9)?
5
Let a(n) = 219*n - 873. Calculate a(4).
3
Let o(p) = 4*p**3 + 8*p**2 + 1